23*t + 9. Calculate z(1).
309
Let v(r) = -563*r + 1125. Calculate v(4).
-1127
Let p(n) = -954*n + 2917. What is p(3)?
55
Let j(s) = -13*s**3 - 6*s**2 + 12*s - 10. Determine j(4).
-890
Let g(f) = -5763*f + 34512. What is g(6)?
-66
Let i(t) = -t**2 + 788*t - 75103. What is i(111)?
44
Let o(v) = v**3 + 69*v**2 + 71*v + 897. Determine o(-68).
693
Let z(u) = -u**2 - 104*u + 19081. Determine z(95).
176
Let b(m) = -m**3 - 12*m**2 + 32*m + 21. Give b(5).
-244
Let s(d) = 757*d - 91742. What is s(117)?
-3173
Let g(j) = 7*j**2 - 3932*j - 1148213. What is g(-212)?
-21
Let b(i) = -421*i + 20750. Give b(49).
121
Let l(z) = -836*z - 49594. Calculate l(-58).
-1106
Let j(k) = k**2 + 190*k - 9757. Determine j(42).
-13
Let c(p) = -p**3 + 456*p**2 + 1459*p - 37645. What is c(459)?
-7
Let g(a) = -4*a**3 + 523*a**2 - 2389*a - 676. Give g(126).
-46
Let v(d) = d**3 + 12*d**2 - 113*d - 879. Give v(-8).
281
Let v(h) = -h**2 - 387*h - 29184. What is v(-103)?
68
Let f(z) = 2*z**3 + 42*z**2 - 103*z - 15. What is f(3)?
108
Let g(n) = n**3 + 23*n**2 - 144*n - 3196. Calculate g(-25).
-846
Let j(h) = -104*h**2 + 218*h - 18. What is j(2)?
2
Let s(k) = -k**3 + 33*k**2 - 9191*k + 282972. Determine s(31).
-27
Let w(a) = 39*a - 511. What is w(-18)?
-1213
Let j(h) = h**3 - 23*h**2 + 224*h - 1186. What is j(14)?
186
Let c(l) = -152*l - 32649. Calculate c(-216).
183
Let q(n) = 1396*n - 69771. Determine q(50).
29
Let k(d) = 14*d**2 - 3605*d + 24546. Give k(7).
-3
Let m(d) = d**3 - 11*d**2 - 352*d + 3885. Calculate m(12).
-195
Let m(r) = r**2 + 589*r - 4174. Give m(7).
-2
Let v(u) = -7*u**2 - 152*u + 1089. Determine v(-22).
1045
Let u(f) = 823*f + 7784. Determine u(-9).
377
Let s(w) = -791*w + 69608. What is s(88)?
0
Let a(t) = -1065*t**2 + 7461*t - 45. What is a(7)?
-3
Let a(d) = -15729*d + 10853015. Calculate a(690).
5
Let b(t) = -9*t**2 - 1668*t - 57125. What is b(-140)?
-5
Let p(c) = -2*c**3 + 91*c**2 + 251*c - 9382. Give p(46).
48
Let v(a) = 111*a**2 - 31*a - 99. Determine v(-4).
1801
Let p(k) = -k**2 - 23862*k - 28926266. Give p(-1281).
-5
Let p(w) = -337*w + 6129. Determine p(18).
63
Let c(l) = -5126*l - 282116. Give c(-55).
-186
Let w(n) = 9*n**2 + 5434*n - 21720. What is w(4)?
160
Let w(h) = -h**2 + 99*h + 9153. Determine w(-56).
473
Let q(k) = k**2 - 1015*k - 128684. Determine q(-114).
22
Let p(h) = 13*h**3 + h**2 - 67*h - 128. Determine p(-2).
-94
Let o(h) = 21*h**3 + 251*h**2 + 146*h + 1842. Give o(-12).
-54
Let m(n) = 3573*n + 10792. Determine m(-3).
73
Let q(f) = 4*f**3 - 600*f**2 + 2337*f - 6. What is q(4)?
-2
Let v(p) = -6195*p + 36990. Determine v(6).
-180
Let l(i) = -3*i**3 - 36*i**2 + 25*i - 167. Give l(-13).
15
Let j(s) = 13459*s - 551828. Calculate j(41).
-9
Let k(m) = 49*m**2 - 1440*m + 491. What is k(29)?
-60
Let k(g) = -760*g + 97817. Give k(128).
537
Let f(x) = -356*x + 1898. Determine f(4).
474
Let r(p) = 16*p**2 - 4400*p - 8848. Give r(277).
16
Let u(d) = -2*d**3 + 4*d**2 - 2*d + 988. Calculate u(0).
988
Let l(h) = h**2 - 294*h - 18404. What is l(347)?
-13
Let a(m) = m**3 - 40*m**2 + 56*m - 171. Calculate a(39).
492
Let g(k) = -6*k**2 - 121*k - 864. Calculate g(-8).
-280
Let g(q) = q**3 - 18*q**2 + 84*q - 1673. Determine g(18).
-161
Let b(c) = -3*c**2 - 565*c + 6146. Determine b(-199).
-222
Let n(s) = -52*s**2 + 27266*s - 27267. Give n(1).
-53
Let o(l) = -l**3 - 34*l**2 + 13373*l - 3606. Determine o(-134).
12
Let q(l) = 47*l**2 + 767*l + 948. Calculate q(-15).
18
Let s(k) = -18459*k - 72842. Determine s(-4).
994
Let n(y) = -1025888*y - 6155320. What is n(-6)?
8
Let x(v) = -3*v**2 - 1389*v + 32476. What is x(22)?
466
Let r(w) = 201*w**3 - 4420*w**2 - 54*w + 181. Determine r(22).
-39
Let o(r) = 306*r**3 + 2137*r**2 - 36*r + 12. Calculate o(-7).
19
Let v(w) = w**3 + 176*w**2 - 711*w + 1567. What is v(-180)?
-53
Let v(h) = -15*h**3 - 1722*h**2 + 349*h + 454. What is v(-115)?
-6
Let n(w) = -4*w**2 - 303*w - 4720. What is n(-51)?
329
Let m(t) = 10*t**2 - 2771*t + 63032. What is m(25)?
7
Let i(y) = 9560*y - 134489. Give i(14).
-649
Let u(d) = 16*d - 389. Calculate u(-6).
-485
Let z(m) = -3*m**3 - 47*m**2 - 293*m - 3947. What is z(-15)?
-2
Let n(z) = -z**3 - 63*z**2 - 173*z + 453. Give n(-60).
33
Let o(k) = -10*k - 1927. Give o(-69).
-1237
Let r(p) = 2180*p + 224544. Determine r(-103).
4
Let t(k) = k**3 - 53*k**2 + 259*k - 3055. Calculate t(49).
32
Let g(v) = 41*v**2 + 3040*v + 442. Give g(-74).
-2
Let c(x) = -782*x - 102263. Calculate c(-129).
-1385
Let f(w) = 43*w**2 + 5*w - 177. Calculate f(2).
5
Let z(c) = 39*c**2 - 471*c + 403. What is z(12)?
367
Let u(r) = 2*r**2 + 733*r - 103696. Determine u(109).
-37
Let c(g) = g**3 + 6*g**2 + 2699*g - 5405. Give c(2).
25
Let y(x) = -2*x**3 + 13*x**2 + 72*x - 102. Determine y(9).
141
Let a(g) = -g**2 - 2238*g + 758572. Calculate a(299).
9
Let q(j) = 1249*j - 8982. What is q(7)?
-239
Let u(y) = y**3 + 185*y**2 + 5782*y - 2642. Determine u(-145).
-32
Let s(p) = p**3 - 179*p**2 - 230*p + 9374. What is s(180)?
374
Let o(q) = 28796*q - 345507. Determine o(12).
45
Let c(v) = -v**3 + 63*v**2 - 1106*v + 4421. Calculate c(22).
-67
Let u(m) = 43*m**2 - 1084*m + 5436. Determine u(5).
1091
Let h(b) = b**3 - 453*b**2 + 369*b - 792067. Give h(456).
5
Let h(m) = -410*m**2 - 161545*m - 1945. Give h(-394).
25
Let h(m) = m**3 + 212*m**2 - 2369*m + 18739. Determine h(-223).
7
Let o(y) = -29093*y - 494590. Determine o(-17).
-9
Let b(j) = j**3 + 48*j**2 - 553*j - 20427. Determine b(-51).
-27
Let o(m) = -370*m - 17215. What is o(-47)?
175
Let k(s) = 615*s + 6762. Determine k(-7).
2457
Let r(t) = t**3 - 41*t**2 - 259*t + 151. Calculate r(-6).
13
Let m(d) = -134*d - 4849. Calculate m(-49).
1717
Let z(k) = k**3 + 32*k**2 + 1620*k + 38062. Determine z(-26).
-2
Let m(q) = 5532*q - 326392. Give m(59).
-4
Let u(z) = -2*z**2 - 207*z + 41641. Give u(-205).
26
Let z(v) = 786*v + 9016. Calculate z(-15).
-2774
Let i(w) = -w**2 - 77*w + 45147. Give i(-254).
189
Let z(m) = 3*m**3 - 11*m**2 + 156*m - 1202. Calculate z(9).
1498
Let x(a) = -1685*a - 4360. Determine x(-2).
-990
Let y(z) = -77*z**2 + 1076*z - 45. Give y(14).
-73
Let a(b) = b**2 + 17*b - 4808. Determine a(63).
232
Let f(x) = 2*x**3 - 827*x**2 + 6061*x + 11783. What is f(406)?
9
Let h(c) = c**2 - 19*c - 147. Give h(21).
-105
Let k(b) = -4*b**3 + 58*b**2 - 61*b + 358. Determine k(15).
-1007
Let a(u) = 178*u**2 + 1618*u + 3260. Give a(-6).
-40
Let t(w) = 290*w - 22709. Calculate t(78).
-89
Let d(v) = v**2 + 19067*v - 553781. Give d(29).
3
Let q(v) = 2*v**3 + 23*v**2 + 259*v + 3887. Determine q(-13).
13
Let w(o) = 493*o + 15699. Give w(-26).
2881
Let s(y) = y**3 - 30*y**2 + 254*y - 7440. Give s(30).
180
Let s(w) = -1677*w + 85598. What is s(51)?
71
Let j(z) = -z**2 - 50308*z - 337. Determine j(0).
-337
Let c(k) = -432*k**2 + 20311*k - 272. Calculate c(47).
57
Let u(n) = -28791*n + 460635. Give u(16).
-21
Let t(b) = -18*b**3 + 125*b**2 - 10*b - 17. Calculate t(7).
-136
Let k(q) = 2*q**3 - 119*q**2 + 1461*q - 226. Calculate k(17).
46
Let b(r) = -2*r**3 + 33*r**2 - 49*r + 644. Give b(16).
116
Let b(g) = -45257*g + 45248. What is b(1)?
-9
Let r(v) = 2187*v + 30649. Determine r(-14).
31
Let r(w) = 523*w**2 - 84*w + 6. Determine r(-1).
613
Let o(g) = 7770*g + 207990. Calculate o(-27).
-1800
Let x(l) = -3*l**2 + 53*l + 2318. Determine x(30).
1208
Let x(h) = 145*h**2 + 164*h - 13. What is x(-1)?
-32
Let x(g) = 120*g + 48816. Determine x(-410).
-384
Let t(d) = 328*d**2 + 1802*d + 900. Give t(-5).
90
Let y(l) = -535*l**2 - 24141*l - 2975. Give y(-45).
-5
Let m(w) = 17*w + 5737. Calculate m(-336).
25
Let i(u) = -112*u**2 - 3094*u - 1994. Calculate i(-27).
-104
Let z(m) = 169995*m - 509990. Give z(3).
-5
Let g(d) = -2*d**3 - 50*d**2 + 58*d + 1925. What is g(-24)?
-619
Let k(n) = 425*n**2 + 17851*n + 46. Calculate k(-42).
4
Let h(b) = 122061*b - 488378. Determine h(4).
-134
Let v(h) = -24*h**3 - 152*h**2 + 1314*h + 8178. What is v(-6)?
6
Let b(k) = 125*k**3 - 351*k**2 - 9*k - 193. Determine b(3).
-4
Let z(i) = 2*i**3 + 18*i**2 + 78*i + 631. Give z(-16).
-4201
Let p(y) = -1336*y + 50712. Calculate p(38).
-56
Let u(n) = 5*n**2 + 112*n + 117. Calculate u(-22).
73
Let r(l) = -28389*l + 993557. What is r(35)?
-58
Let m(p) = -1117*p - 12847. Give m(-13).
1674
Let q(z) = -6*z**2 + 318*z - 616. What is q(55)?
-1276
Let 